(m) = -m**3 - 6*m**2 - 5*m + 9. Let r be x(-9). Let l = -211 + r. Let v = l + -36. What are the prime factors of v?
2, 5
Suppose 3*o + 4*u - 18 = 0, 2*o - 12 = -3*u - u. Let w(a) = -4*a**2 - 4*a + 3. Let y be w(o). What are the prime factors of (-32)/(-6)*(3 - y/10)?
2, 13
Let l(s) = 1757*s - 1246. What are the prime factors of l(3)?
5, 7, 23
What are the prime factors of (-1 - (-900)/8)*(-336)/(2 + -4)?
2, 3, 7, 223
Let l be 6/30 - (-19)/5. Let r be l*1 + (-5 - -1) + 3. Suppose 0 = -2*x + 4*x - n - 3, -r*x - 8 = -4*n. List the prime factors of x.
2
Let k(r) = 75*r**2 - 238*r + 43. What are the prime factors of k(-18)?
28627
Let v = 265 - 252. Let h = v - -489. What are the prime factors of h?
2, 251
Suppose 7*a = 6*a - 6*a + 44933. List the prime factors of a.
7, 131
Let u(i) = 6*i**3 - 13*i**2 - 22*i + 91. What are the prime factors of u(12)?
7, 29, 41
List the prime factors of -1 + (-6)/(-4) + 249809*(-31)/(-434).
2, 3, 1487
Let t(y) = -2 - 2*y**2 - 11*y**3 + 37*y**3 + 66*y**3 + 1 + 3*y. Suppose 4*w = 3*w + 1. What are the prime factors of t(w)?
2, 23
Let n be (-496)/(-96) - 1/6. Let f be (n + 0)*5/25. What are the prime factors of 2 - 3 - (-32 + f)?
2, 3, 5
Let b(q) = q**3 + 4*q**2 - 11*q - 27. Let t be b(-5). Suppose 5*d + 799 = 8*f - 6*f, t*f - 4*d = 1209. What are the prime factors of f?
11, 37
Let s = -17206 - -29468. What are the prime factors of s?
2, 6131
Let v(w) be the second derivative of 59*w**4/4 - 7*w**3/6 + 8*w**2 - 86*w. What are the prime factors of v(3)?
2, 397
Suppose -3*d + 0*x = 5*x - 226, 366 = 5*d + 3*x. Suppose 3*s = -2*u + 8, u + 29 = -97*s + 101*s. Suppose 7*i - s*i = d. List the prime factors of i.
2, 3
Let l(j) = j**2 + 6*j - 5. Let a be l(-7). Suppose -a*v - 21 = -5*v. Suppose -v*s + 153 = -4*s. List the prime factors of s.
3, 17
Let t(n) = 19*n + 28. Let u be t(7). Let v = 196 + u. List the prime factors of v.
3, 7, 17
Let x be 4/12*-3 - -45. Let h = x - 39. Suppose 2*u + h*n - 267 = 0, -5*n = 4*u - 9*n - 492. List the prime factors of u.
2, 3, 7
Suppose 17 = 12*t - 19. Let o be (3 - 4)*-3*1. Suppose -3 = -o*w, -5*w + 192 = t*s - 2*w. List the prime factors of s.
3, 7
Let r = -327 + 329. List the prime factors of 4 + 99/(-18) - (-1585)/r.
7, 113
Suppose 13*p + 702 = 31*p. Let a = p + 490. List the prime factors of a.
23
Suppose 5*i - 14 - 6 = 0. Let b(f) = -f**3 + 22*f**2 - 55*f - 38. Let x be b(19). Suppose j + j + i = 0, -5*o + 4*j + 53 = x. List the prime factors of o.
3
Suppose -5*i = -15, 2*o = i + 3 + 4. Suppose -4*v = -4*p + 4 + 16, -o = 3*p + v. Suppose 8*q - 1712 = -p*q. List the prime factors of q.
2, 107
Let u = 717 + -242. Suppose 21*z - 16*z - 986 = -2*f, -f + u = -2*z. List the prime factors of f.
3, 7, 23
What are the prime factors of 159795/(-318)*(-1 + (-10)/6)?
2, 5, 67
Let l(k) = 87*k + 50. Let j be l(13). Let r = j - 285. What are the prime factors of r?
2, 7
Let q = -85 - -90. Suppose -2*r = 8 - 14, -5*r = q*x - 170. What are the prime factors of x?
31
Let m = 74 - 73. List the prime factors of (9 - (-7425)/5) + 1/m.
5, 13, 23
Suppose 4*h = h + 63. Let g be (48/h - 2) + (-24300)/(-63). Let f = -241 + g. List the prime factors of f.
5, 29
Let u(o) = o**2 + o. Let a(c) = 4*c**2 + 34*c + 8. Let q(z) = -a(z) + 5*u(z). List the prime factors of q(-9).
2, 167
Let g(k) = k**2 - k - 16. Let x = 33 - 27. Let n be g(x). List the prime factors of (-2 + n/6)*78 - -3.
29
Suppose 2*i + q = 5, 0 = -3*i - 0*i - 5*q + 25. Suppose 5*f - f + 156 = i. List the prime factors of (f/5)/(5/(-50)).
2, 3, 13
Suppose -11*z + 118 = -234. Suppose 4*w + 4*p - 8 - 108 = 0, 0 = 2*w + 4*p - 52. Let c = z + w. What are the prime factors of c?
2
Let w(u) = 2*u**2 + 25*u + 80. Let v(m) = 2*m**2 - 8*m - 4. Let n be v(-2). What are the prime factors of w(n)?
2, 3, 5, 23
Let b = 60600 - 38191. What are the prime factors of b?
22409
Let i = 51802 + -21345. What are the prime factors of i?
7, 19, 229
Let j(d) = -7*d**3 + 9*d**2 - 19*d + 11. Let o(x) = -20*x**3 - 20*x + 9*x**2 + 4 + 6 + 12*x**3. Let w(z) = -7*j(z) + 6*o(z). List the prime factors of w(9).
2, 5
Let m = -7423 - -46041. List the prime factors of m.
2, 19309
Suppose -4796 = -4*o - 8*g, -o = -5*g + 9*g - 1191. What are the prime factors of o?
17, 71
Let l(i) = 38 - 1267*i - 15 + 1282*i. List the prime factors of l(23).
2, 23
Suppose 2*x + 18*x = 7*x + 127634. List the prime factors of x.
2, 4909
Suppose -733030 = -40*t + 2301686 - 719596. List the prime factors of t.
2, 43, 673
What are the prime factors of 2769494/104 + (2 + 2 - 105/28)?
2, 5, 2663
Suppose 5*k - 64 = -44. Let f(x) = 79*x + 11. What are the prime factors of f(k)?
3, 109
Let q(g) = g**3 + 11*g**2 + 9*g + 8. Let t be q(-10). List the prime factors of (-175)/(-7) + t/3.
31
Suppose -4*d = -5*d + 20. Let m = -36 - d. Let c = 79 + m. What are the prime factors of c?
23
What are the prime factors of 3476 - (-23)/((-161)/14)?
2, 3, 193
Suppose 38*h - 156 = 44*h. Let x = h + 599. List the prime factors of x.
3, 191
Suppose -137 = -10*b - 47. List the prime factors of 2023/b + -1 - (-26)/117.
2, 7
Suppose -2*q - u = -36521, 38*u = -q + 41*u + 18250. List the prime factors of q.
19, 31
Let k(a) = -2*a**2 - 16*a - 45. Let p(w) = -5*w**2 - 17*w - 44. Let i(d) = 4*k(d) - 3*p(d). List the prime factors of i(-10).
2, 17, 23
Suppose -5*a + 20401 + 45244 = 0. List the prime factors of a.
19, 691
Let l(v) = -27 - v + 3*v - 17*v**2 + 0*v + 18*v**2. Let b be l(-12). Let n = b - -15. List the prime factors of n.
2, 3
Let j = -7711 + 23867. What are the prime factors of j?
2, 7, 577
Suppose -3*a = -2*a + 6. List the prime factors of (-5 - (a - -3)) + 85.
83
Suppose -15*y + p = -581334, -2*y - p + 91951 = 14433. List the prime factors of y.
2, 9689
Suppose -6192190 = -102*t - 1108408. List the prime factors of t.
11, 23, 197
Let j be (9 - 8)*(1 - -4332). Suppose 1429 = -4*y + j. List the prime factors of y.
2, 3, 11
Let v(p) = 13*p + 5. Let l be v(2). Suppose -50*i + 304 = -l*i. List the prime factors of i.
2
Suppose 46*p + 119057 = 350989. List the prime factors of p.
2, 2521
Let a be (4 - -4) + (-4)/2. Suppose -a*r - 40 = 14. List the prime factors of -3 + (-87)/r + (-12)/18.
2, 3
Let g = -11821 - -19818. Suppose g = 10*i - 11753. List the prime factors of i.
5, 79
Let y(t) = -2*t - 23. Let r be y(-14). Suppose 0*h = -h + r. Let u(l) = -l**2 + 8*l - 1. What are the prime factors of u(h)?
2, 7
What are the prime factors of (-42)/(4/(55056/(-4606)) - (-3)/9)?
2, 7, 31, 37
List the prime factors of 19123542/3434 + (-4)/(-34).
5569
What are the prime factors of (356/(-1424))/((3/4196)/(-3))?
1049
Let h(f) be the first derivative of -4*f**2 - 23*f - 13. Let g(a) = 17*a + 46. Let v(r) = -2*g(r) - 5*h(r). What are the prime factors of v(10)?
83
Let w(b) = -19*b + 41. Let u be -28 - (-12 + 6) - -4. What are the prime factors of w(u)?
383
Suppose 0 = 2*z + 3*l - 25349, 3*l = -2*z + 8*l + 25325. What are the prime factors of z?
2, 5, 7, 181
Let f(p) be the second derivative of p**4/2 - p**3/2 - 11*p**2/2 + 4*p. Suppose -3*g = 5*n + 1 + 6, n - 5 = g. List the prime factors of f(g).
97
Suppose 5*w = 32526 + 30034. List the prime factors of w.
2, 17, 23
Let g be 2 + ((-29336)/(-24) - (-1)/(-3)). Suppose 0 = -97*w + 93*w + g. What are the prime factors of w?
2, 3, 17
Suppose 3*t = -0*t. Let q = -178 + 138. List the prime factors of t - (1 - 2) - (q - 5).
2, 23
Let p = -109 - -136. Suppose 3*y - 180 = -3*l, y - 3*l - 71 = -p. List the prime factors of y.
2, 7
Suppose 368805 = 389*g - 382354. What are the prime factors of g?
1931
Suppose 2*x = 4*v - 8, -3*v - 14*x + 9*x - 7 = 0. Suppose -n = v, 4*w = 2*w - 5*n + 1611. List the prime factors of w.
2, 101
What are the prime factors of ((-838420)/(-80) - 1/4) + 2?
2, 3, 1747
Let t = -311 - -489. Suppose t = 2*v - 2*k, -3*v + 0*v + k = -275. Suppose 7*m + 369 = 4*w + 2*m, -m - v = -w. List the prime factors of w.
2, 3
What are the prime factors of 8*1*(-1084059)/(-552)?
3, 5237
Suppose 6823 = w + 4*j, 3*w + 107*j - 106*j - 20436 = 0. What are the prime factors of w?
7, 139
Let h(y) = y - 1 - 17*y**3 + 16*y**2 + 18*y**3 + 25. Let a be h(-16). List the prime factors of 39*2 - (-5 + a).
3, 5
Suppose 0 = -2*b - 3*q + 10038, -q - 155 = 3*b - 15212. What are the prime factors of b?
3, 7, 239
Let